{"id":19,"date":"2026-02-17T10:29:18","date_gmt":"2026-02-17T10:29:18","guid":{"rendered":"https:\/\/easyflip.ch\/?page_id=19"},"modified":"2026-03-24T10:18:01","modified_gmt":"2026-03-24T10:18:01","slug":"kontakt","status":"publish","type":"page","link":"https:\/\/www.easyflip.ch\/index.php\/kontakt\/","title":{"rendered":"Kontakt"},"content":{"rendered":"\t\t<div data-elementor-type=\"wp-page\" data-elementor-id=\"19\" class=\"elementor elementor-19\" data-elementor-post-type=\"page\">\n\t\t\t\t<div class=\"elementor-element elementor-element-c58c86b e-flex e-con-boxed e-con e-parent\" data-id=\"c58c86b\" data-element_type=\"container\" data-e-type=\"container\">\n\t\t\t\t\t<div class=\"e-con-inner\">\n\t\t\t\t<div class=\"elementor-element elementor-element-373e2ec elementor-widget elementor-widget-heading\" data-id=\"373e2ec\" data-element_type=\"widget\" data-e-type=\"widget\" data-widget_type=\"heading.default\">\n\t\t\t\t\t<h2 class=\"elementor-heading-title elementor-size-default\">Kontakt<\/h2>\t\t\t\t<\/div>\n\t\t\t\t<div class=\"elementor-element elementor-element-c2b9ea2 elementor-widget elementor-widget-text-editor\" data-id=\"c2b9ea2\" data-element_type=\"widget\" data-e-type=\"widget\" data-widget_type=\"text-editor.default\">\n\t\t\t\t\t\t\t\t\t<p>Sie wollen Ihre Inhalte schnell und eindrucksvoll pr\u00e4sentieren?<br \/>Wir helfen Ihnen, Ihre Botschaft mit wenigen Klicks zum Leben zu erwecken \u2013 digital, flexibel und \u00fcberzeugend.<\/p><p>Ob Fragen, individuelle W\u00fcnsche oder ein konkretes Projekt: Wir sind f\u00fcr Sie da.<br \/>Kontaktieren Sie uns \u2013 einfach, schnell und unkompliziert.<\/p><p>Email: <a href=\"mailto:info@easyflip.ch\">info@easyflip.ch<\/a><\/p><p>Noch unsicher, ob easy flip fast das Richtige ist?<br \/>Schreiben Sie uns \u2013 wir zeigen Ihnen gerne unverbindlich, wie einfach und \u00fcberzeugend digitales <br \/>Pr\u00e4sentieren heute geht.<\/p><div class=\"prose dark:prose-invert inline leading-relaxed break-words min-w-0 [word-break:break-word] prose-strong:font-bold [&amp;_&gt;*:first-child]:mt-0 [&amp;_&gt;*:last-child]:mb-0\"><p class=\"my-2 [&amp;+p]:mt-4 [&amp;_strong:has(+br)]:inline-block [&amp;_strong:has(+br)]:pb-2\">Haben Sie Fragen zu Online Bl\u00e4tterkatalogen? <br \/>Wir freuen uns auf Ihre Anfrage!<\/p><\/div>\t\t\t\t\t\t\t\t<\/div>\n\t\t\t\t\t<\/div>\n\t\t\t\t<\/div>\n\t\t\t\t<\/div>\n\t\t","protected":false},"excerpt":{"rendered":"<p>Kontakt Sie wollen Ihre Inhalte schnell und eindrucksvoll pr\u00e4sentieren?Wir helfen Ihnen, Ihre Botschaft mit wenigen Klicks zum Leben zu erwecken \u2013 digital, flexibel und \u00fcberzeugend. Ob Fragen, individuelle W\u00fcnsche oder ein konkretes Projekt: Wir sind f\u00fcr Sie da.Kontaktieren Sie uns \u2013 einfach, schnell und unkompliziert. Email: info@easyflip.ch Noch unsicher, ob easy flip fast das Richtige [&hellip;]<\/p>\n","protected":false},"author":1,"featured_media":0,"parent":0,"menu_order":0,"comment_status":"closed","ping_status":"closed","template":"","meta":{"footnotes":""},"class_list":["post-19","page","type-page","status-publish","hentry"],"_links":{"self":[{"href":"https:\/\/www.easyflip.ch\/index.php\/wp-json\/wp\/v2\/pages\/19","targetHints":{"allow":["GET"]}}],"collection":[{"href":"https:\/\/www.easyflip.ch\/index.php\/wp-json\/wp\/v2\/pages"}],"about":[{"href":"https:\/\/www.easyflip.ch\/index.php\/wp-json\/wp\/v2\/types\/page"}],"author":[{"embeddable":true,"href":"https:\/\/www.easyflip.ch\/index.php\/wp-json\/wp\/v2\/users\/1"}],"replies":[{"embeddable":true,"href":"https:\/\/www.easyflip.ch\/index.php\/wp-json\/wp\/v2\/comments?post=19"}],"version-history":[{"count":13,"href":"https:\/\/www.easyflip.ch\/index.php\/wp-json\/wp\/v2\/pages\/19\/revisions"}],"predecessor-version":[{"id":531,"href":"https:\/\/www.easyflip.ch\/index.php\/wp-json\/wp\/v2\/pages\/19\/revisions\/531"}],"wp:attachment":[{"href":"https:\/\/www.easyflip.ch\/index.php\/wp-json\/wp\/v2\/media?parent=19"}],"curies":[{"name":"wp","href":"https:\/\/api.w.org\/{rel}","templated":true}]}}